, 73, 2243
What are the prime factors of 15109139?
15109139
What are the prime factors of 14530404?
2, 3, 7, 172981
What are the prime factors of 8789780?
2, 5, 19, 23131
What are the prime factors of 3118069?
3118069
List the prime factors of 550768.
2, 29, 1187
What are the prime factors of 218722?
2, 7, 17, 919
List the prime factors of 133979.
133979
List the prime factors of 4745168.
2, 157, 1889
What are the prime factors of 881643?
3, 7, 41983
What are the prime factors of 2668195?
5, 223, 2393
What are the prime factors of 420467?
420467
List the prime factors of 643852.
2, 11, 14633
List the prime factors of 3295137.
3, 1098379
What are the prime factors of 24363093?
3, 53, 73, 2099
What are the prime factors of 309286?
2, 154643
List the prime factors of 560580.
2, 3, 5, 9343
List the prime factors of 25952.
2, 811
What are the prime factors of 660906?
2, 3, 12239
List the prime factors of 4931929.
271, 18199
What are the prime factors of 3146857?
7, 101, 4451
What are the prime factors of 750350?
2, 5, 43, 349
List the prime factors of 419106.
2, 3, 23, 3037
What are the prime factors of 3111467?
491, 6337
List the prime factors of 53943.
3, 17981
List the prime factors of 385337.
61, 6317
List the prime factors of 85309.
7, 1741
List the prime factors of 472765.
5, 23, 4111
What are the prime factors of 8200456?
2, 11, 93187
What are the prime factors of 11677395?
3, 5, 223, 3491
List the prime factors of 10720284.
2, 3, 293, 3049
List the prime factors of 1862899.
79, 23581
List the prime factors of 2821146.
2, 3, 241, 1951
List the prime factors of 384234.
2, 3, 17, 3767
List the prime factors of 2846668.
2, 11, 31, 2087
What are the prime factors of 4338000?
2, 3, 5, 241
List the prime factors of 1219798.
2, 29, 21031
List the prime factors of 2605720.
2, 5, 13, 5011
What are the prime factors of 11651669?
103, 113123
List the prime factors of 467145.
3, 5, 7, 1483
List the prime factors of 126233.
126233
What are the prime factors of 188324?
2, 23, 89
What are the prime factors of 37753713?
3, 4194857
List the prime factors of 3513302.
2, 13, 163, 829
What are the prime factors of 439130?
2, 5, 43913
List the prime factors of 219493.
103, 2131
List the prime factors of 126685.
5, 13, 1949
What are the prime factors of 363842?
2, 109, 1669
What are the prime factors of 405344?
2, 53, 239
List the prime factors of 2893302.
2, 3, 160739
What are the prime factors of 136925?
5, 5477
What are the prime factors of 740260?
2, 5, 37013
What are the prime factors of 1596534?
2, 3, 266089
What are the prime factors of 3241699?
3241699
List the prime factors of 3026875.
5, 29, 167
List the prime factors of 908568.
2, 3, 12619
List the prime factors of 123100.
2, 5, 1231
What are the prime factors of 504740?
2, 5, 25237
What are the prime factors of 362482?
2, 19, 9539
What are the prime factors of 1273949?
257, 4957
What are the prime factors of 137850?
2, 3, 5, 919
What are the prime factors of 23828916?
2, 3, 1985743
What are the prime factors of 3866306?
2, 83, 23291
List the prime factors of 475200.
2, 3, 5, 11
List the prime factors of 4762337.
4762337
What are the prime factors of 19646770?
2, 5, 11, 13, 1249
What are the prime factors of 537228?
2, 3, 14923
List the prime factors of 455103.
3, 11, 4597
What are the prime factors of 1399338?
2, 3, 17, 269
What are the prime factors of 162870?
2, 3, 5, 61, 89
List the prime factors of 4166431.
31, 134401
List the prime factors of 1251274.
2, 625637
List the prime factors of 308484.
2, 3, 11, 19, 41
List the prime factors of 132243.
3, 17, 2593
What are the prime factors of 19508958?
2, 3, 7, 73, 101
What are the prime factors of 19884142?
2, 79, 317, 397
List the prime factors of 28623341.
28623341
What are the prime factors of 132622?
2, 7, 9473
What are the prime factors of 1071233?
1071233
What are the prime factors of 18998692?
2, 127, 149, 251
List the prime factors of 16189848.
2, 3, 17, 4409
What are the prime factors of 219123?
3, 97, 251
What are the prime factors of 127995?
3, 5, 7, 23, 53
List the prime factors of 4420507.
7, 13, 31, 1567
What are the prime factors of 271508?
2, 103, 659
What are the prime factors of 334906?
2, 11, 13, 1171
List the prime factors of 438264.
2, 3, 2029
List the prime factors of 6162315.
3, 5, 109, 3769
List the prime factors of 4129975.
5, 31, 73
List the prime factors of 37762382.
2, 7, 151, 17863
What are the prime factors of 55310?
2, 5, 5531
List the prime factors of 1528147.
17, 89891
What are the prime factors of 3414269?
3414269
List the prime factors of 19488086.
2, 17, 573179
List the prime factors of 11627630.
2, 5, 7, 43, 3863
What are the prime factors of 776800?
2, 5, 971
List the prime factors of 689771.
689771
What are the prime factors of 91444?
2, 22861
List the prime factors of 1653203.
29, 109, 523
List the prime factors of 10165700.
2, 5, 59, 1723
What are the prime factors of 260849?
260849
What are the prime factors of 2538157?
2538157
What are the prime factors of 6939351?
3, 19, 167
What are the prime factors of 5518636?
2, 1379659
List the prime factors of 873366.
2, 3, 13, 11197
List the prime factors of 1870507.
1870507
What are the prime factors of 1545915?
3, 5, 7, 14723
List the prime factors of 8354708.
2, 53, 39409
What are the prime factors of 1302241?
19, 68539
What are the prime factors of 17013615?
3, 5, 1134241
What are the prime factors of 26703347?
11, 1277, 1901
List the prime factors of 4798763.
41, 117043
What are the prime factors of 23753263?
71, 97, 3449
What are the prime factors of 781149?
3, 23, 11321
What are the prime factors of 164439?
3, 11, 151
List the prime factors of 5119779.
3, 7, 243799
What are the prime factors of 3313952?
2, 103561
List the prime factors of 2960575.
5, 118423
List the prime factors of 176211.
3, 7, 2797
What are the prime factors of 108918?
2, 3, 2017
What are the prime factors of 71742?
2, 3, 11, 1087
List the prime factors of 327299.
7, 46757
What are the prime factors of 1178022?
2, 3, 196337
List the prime factors of 11226486.
2, 3, 1871081
What are the prime factors of 36505394?
2, 18252697
List the prime factors of 391191.
3, 19, 6863
List the prime factors of 1219184.
2, 23, 3313
What are the prime factors of 5531720?
2, 5, 41, 3373
What are the prime factors of 4266641?
439, 9719
What are the prime factors of 5424017?
5424017
What are the prime factors of 6857291?
7, 41, 23893
List the prime factors of 25755997.
25755997
List the prime factors of 7571400.
2, 3, 5, 12619
What are the prime factors of 575593?
575593
What are the prime factors of 261497?
19, 13763
What are the prime factors of 8345244?
2, 3, 79, 8803
What are the prime factors of 197755?
5, 39551
What are the prime factors of 870526?
2, 435263
List the prime factors of 2051566.
2, 11, 93253
List the prime factors of 2567121.
3, 149, 5743
List the prime factors of 64805.
5, 13, 997
List the prime factors of 12290538.
2, 3, 13, 157571
What are the prime factors of 938563?
938563
List the prime factors of 28251994.
2, 17, 269, 3089
List the prime factors of 265309.
11, 89, 271
What are the prime factors of 4083059?
4083059
What are the prime factors of 1585473?
3, 528491
What are the prime factors of 11806637?
131, 90127
List the prime factors of 15099182.
2, 7, 37, 103, 283
What are the prime factors of 18048992?
2, 13, 43, 1009
What are the prime factors of 5374607?
7, 79, 9719
List the prime factors of 1080986.
2, 19, 28447
What are the prime factors of 417963?
3, 7, 13, 1531
List the prime factors of 342844.
2, 85711
List the prime factors of 263450.
2, 5, 11, 479
What are the prime factors of 2722391?
7, 7937
What are the prime factors of 350417?
19, 18443
What are the prime factors of 271439?
7, 17, 2281
List the prime factors of 22241711.
821, 27091
List the prime factors of 945002.
2, 89, 5309
List the prime factors of 1130045.
5, 7, 83, 389
What are the prime factors of 23547043?
13, 29, 62459
List the prime factors of 9815578.
2, 4907789
What are the prime factors of 14670467?
7, 787, 2663
List the prime factors of 417872.
2, 7, 13, 41
What are the prime factors of 4657157?
1289, 3613
What are the prime factors of 317723?
7, 45389
What are the prime factors of 14478036?
2, 3, 71, 